(t) = 3 + 3*t**2 + 4*t - 7*t**2 + 3*t**2. What is o(p)?
-2
Let s(q) = 2*q + 1. Let w(i) = 0 + 0 - 5*i**2 + i**3 - 4. Let y be w(5). What is s(y)?
-7
Let w(p) = -10 + 6*p + 17 - 8*p. Let d = -61 - -86. Suppose -d = -2*k - 3*a, -a - 20 = -3*k - 2*a. Calculate w(k).
-3
Let g(d) = d. Let n(f) = -4*f - 3. Let q(x) = 3*x + 3. Let r(z) = -2*n(z) - 3*q(z). Suppose -9 = -3*l, 0*l + l - 5 = 2*s. Let v(i) = s*r(i) - 3*g(i). Give v(3).
-3
Let j(h) = -h**3 - 5*h**2 - 2*h + 4. Suppose 0 = 4*a + 12, a = -3*d - 3*a - 21. Calculate j(d).
-8
Let a(l) = -2 + 8*l - l - 5 + l**2 - 3. Let p(j) = -j**3 - 8*j**2 - 7*j - 8. Let s be p(-7). What is a(s)?
-2
Let g(q) be the third derivative of -7*q**6/120 + q**5/30 - q**3/6 - 2*q**2. Let a = -1 - -2. Calculate g(a).
-6
Let u(v) be the first derivative of v**2 + 5*v + 12. Let r(b) = -b + 4. Let p = -2 + 10. Let q be r(p). Determine u(q).
-3
Let p(q) be the third derivative of q**6/120 + q**5/12 + q**4/12 + q**3/2 + q**2. Suppose -2*c - 3*c - 20 = 0. Determine p(c).
11
Let n(a) = -a + 7. Let i(g) = g**2 - 13*g - 20. Let m be i(15). Let y be 10/(-25) - (-4)/m. Determine n(y).
7
Suppose 1 - 8 = -f. Let k(y) = -f*y + 14 - y**2 - 10 + 0*y**2. What is k(-6)?
10
Let z(w) be the first derivative of -w**6/360 + w**5/24 - w**4/12 - w**3 + 3. Let d(n) be the third derivative of z(n). Suppose i - 2 = 2. Give d(i).
2
Let u(r) = -r**2 + 1. Let i(b) = 4*b + 2. Let t(h) = -i(h) + u(h). What is t(-5)?
-6
Let y(q) = -17*q**3 - 2*q - 1. Let d = -126 - -125. Determine y(d).
18
Let i be 12/5 + (-2)/5. Let k = 0 + 2. Let t(q) = q - 1. Let p(f) = -8*f + 4. Let a(j) = k*t(j) + p(j). Give a(i).
-10
Let r(q) be the first derivative of -q**4/4 + 4*q**3/3 - 2*q**2 + 2*q + 25. What is r(2)?
2
Let u(k) be the third derivative of -k**5/40 + 7*k**4/24 + k**3/6 + 3*k**2. Let l(g) be the first derivative of u(g). Calculate l(5).
-8
Let r(h) = -h**2 + 9*h - 5. Let o be r(8). Let y(s) be the first derivative of -1 - s + s**2 - 2/3*s**o + 11/4*s**4. Determine y(1).
10
Let a(c) = -c + 3. Suppose 15 = 4*s - 3*g, 2*s - 4*g = s - 6. Give a(s).
-3
Let l(p) = p**2 - 3*p - 5. Let n be l(4). Let v(y) = 3*y**2 - 4*y + 1. Let d(w) = -w. Let i(f) = -4*d(f) + v(f). Give i(n).
4
Let n(t) = -t - 1. Let c(p) = 14*p + 4. Let h(s) = c(s) + 3*n(s). Determine h(-1).
-10
Let c(y) = 6*y + 3. Suppose -15 = -12*j + 17*j. What is c(j)?
-15
Let a(j) be the second derivative of -j**5/20 - j**4/4 + j**3/2 - 5*j**2/2 - 3*j. What is a(-4)?
-1
Let r(o) be the first derivative of -2*o**3/3 - 4*o**2 - 3*o - 3. Let g(q) = 3*q**2 + 9*q + 3. Let m(j) = 3*g(j) + 4*r(j). Determine m(3).
-9
Suppose -16 = -2*o - 2*o. Let q(w) = -1. Let n(y) = y + 3. Let z(s) = -n(s) - 3*q(s). Give z(o).
-4
Let q be (-9)/7 - 4/(-14). Let u = q + 7. Let k(r) = -r**3 - u*r**2 + 3 - 2*r - 6*r + 4*r. Determine k(-5).
-2
Let m(b) = 2*b - 7. Let q be m(6). Suppose -3*o - 5*c = -0*c + 8, 36 = -q*o + 3*c. Let j(u) = -u**3 - 6*u**2 - u - 4. What is j(o)?
2
Let c = 14 - 12. Let x(b) = 6 + 2*b - 3*b - c. Let y(v) = -v - 8. Let o be y(-8). What is x(o)?
4
Let q(i) = i**2 - 42. Let o be q(7). Let x(k) = 2*k - 9. Calculate x(o).
5
Let o(j) = -2*j + 8. Let t(q) = q - 4. Let k(f) = -3*o(f) - 5*t(f). Give k(6).
2
Let s(q) = 2*q**3 + 6*q**2 + 6*q - 7. Let g(b) be the second derivative of -b**5/20 - b**4/4 - b**3/2 + 3*b**2/2 + b. Let r(n) = 9*g(n) + 4*s(n). What is r(-2)?
1
Let a(o) = 12*o**3 + o. Suppose -5 = -5*k - 0. What is a(k)?
13
Let n(g) = g**3 - 5*g**2 + 7. Let c be n(5). Let j(d) = d**2 - 7*d + 1. Let b be j(c). Let f(i) = 9*i - 1. Calculate f(b).
8
Let g(o) = 2*o**3 - o**2 - 4*o + 3. Let k be 3/(-6) - (-63)/6. Let u be 11/5 + (-2)/k. Give g(u).
7
Suppose 4*b = 8*b - 12. Let j(k) = -3*k + 3. Calculate j(b).
-6
Let w(b) = 5*b - 4. Let v(g) be the third derivative of 3*g**4/8 - 4*g**3/3 - 3*g**2. Let a(n) = -4*v(n) + 7*w(n). Determine a(4).
0
Let h(i) = i**3 + 5*i**2 + 6*i - 6. Let g(y) = -5*y**3 - 21*y**2 - 24*y + 24. Let f be 12/1 + (-21)/7. Let t(b) = f*h(b) + 2*g(b). Give t(4).
2
Let k(c) = -100*c - 95*c + 194*c. Calculate k(7).
-7
Suppose -2*p = 5*w - p + 39, w = 4*p + 9. Let m(q) = q**3 + 7*q**2 + 2*q + 6. Give m(w).
-8
Let h(d) = -4*d - 4 + 0 - d**2 - 3*d. Let x(j) = j**2 + 11*j - 6. Let i be x(-11). Determine h(i).
2
Let m(w) be the first derivative of w**3/3 + 3*w**2 - 6*w + 6. Calculate m(-6).
-6
Let z(n) = -4*n. Let m be ((-6)/5)/((-3)/(-10)). Suppose 3*i = 5*o + 15, 0 = i - 3*i + o + 17. Let a be 10/m*(-8)/i. What is z(a)?
-8
Let d(g) = -5*g. Suppose 2*c = 5*z - 2*z + 17, z - 13 = -4*c. Let q be (3/6)/(z/(-6)). What is d(q)?
-5
Suppose -z - 25 = 4*z. Let o(l) = 3*l - 4 - 10*l - 2*l**3 + l**3 - 6*l**2. What is o(z)?
6
Let z(s) = -s**3 - 4*s**2 - 4*s - 3. Let f be (8/2)/((-4)/(-6)). Suppose -3*q = -q - f. Suppose -q*g + 5 = 14. Determine z(g).
0
Let b be 1/1 + (-2 - -1). Let v(l) = 7*l - 8. Let p = 3 + -9. Let q(t) = t. Let c(s) = p*q(s) + v(s). Calculate c(b).
-8
Let x be ((-1)/2)/(1/(-8)). Suppose x = 4*t - 4. Let i(p) = -2*p**2 - p + 2. Give i(t).
-8
Let j(l) be the first derivative of -l**2 - 2/3*l**3 + 0*l + 1/4*l**4 - 2. Let x be (-2)/(((-2)/(-3))/(-1)). Determine j(x).
3
Suppose 5*g - 12 = 4*a, -5*g + 3 + 7 = -5*a. Let l be (0/(-2))/(-1) + 2. Let n(x) = a*x**l - 2 + 7 + 3*x**2 - x**3. Give n(5).
5
Let z(u) = u**2 + 3*u. Let t(b) = b**2 + 3*b + 1. Let l(p) = p - 3. Let x be l(-3). Let w(r) = x*z(r) + 5*t(r). Calculate w(-6).
-13
Let y(a) = 7*a - 8. Let x(k) = -3*k - 3*k + 9 - 2*k. Let g(h) = -6*x(h) - 7*y(h). Determine g(-3).
5
Let d(i) = -3*i - 4. Let n be d(-4). Suppose -2*w - 2*w = -n. Let s(j) = -3*j**2 + 5*j + 3. Let t(o) = -2*o**2 + 4*o + 2. Let v(r) = 3*s(r) - 4*t(r). Give v(w).
-5
Let i be 2 + 4/(1 + 1). Suppose 5*b + 4*y = 3*y + 4, 3*b = y + i. Let c(w) = -3*w**3 - w. Give c(b).
-4
Let n = 3 - 0. Suppose -2*t - n = 4*p + t, -4*p + 3*t + 3 = 0. Let l(x) be the first derivative of x**2/2 - 5*x - 1. What is l(p)?
-5
Let a(x) = 5*x**2 - 16*x + 11. Let m(w) = w**2 - 3*w + 2. Let j(f) = 2*a(f) - 11*m(f). Give j(1).
0
Suppose -4*t = -140 + 32. Suppose 2*m - 13 = -t. Let u(l) = l**3 + 7*l**2 + 2*l + 8. What is u(m)?
-6
Suppose 2*r - 10 = 0, 0*a + 13 = a + r. Let g = -7 + a. Let m(z) = -5*z**2 - 2*z + 1. Calculate m(g).
-6
Let w = 11 - 8. Suppose -k + w*m - m = 0, 0 = 4*k + 3*m - 33. Let g(f) = f**3 - 6*f**2 - f + 8. Calculate g(k).
2
Let x be 9 + -7 - 4/2. Let n(h) = x*h + 4*h**3 + 3 + 4*h**2 - 3*h - 3*h**3 + 0. Give n(-5).
-7
Let a(n) = -3*n**2 + 4. Let f(z) = -z**2 + 2. Let v(q) = -2*a(q) + 5*f(q). Determine v(-4).
18
Let f(m) be the second derivative of m**3/3 - 2*m**2 - 2*m. Let a(k) = k - 1. Let i be a(7). Determine f(i).
8
Let s be 1/((-2)/2) + -3. Let b(u) = -6*u**2 + 7*u**2 + 4*u + 2 + 0*u. Determine b(s).
2
Let o(z) be the first derivative of -z**5/20 + z**4/6 - z**3/6 - z**2 + 4*z - 7. Let d(m) be the first derivative of o(m). Give d(2).
-4
Let o(r) = -r. Let q(w) = -w**2 + 2*w. Let m(y) = 6*o(y) + 2*q(y). Calculate m(-3).
-12
Let t(m) = m**2 - 6*m - 1. Suppose -4*k + k = -18. Determine t(k).
-1
Let z(u) = u**2 + 8*u + 7. Suppose -13 - 2 = -3*x. Suppose -2*g - 30 = x*q, 0 = g - 3*g - 2*q - 18. Calculate z(g).
-8
Suppose 3*r - 14 + 2 = 0. Let x(i) be the third derivative of 0*i**r + 0 - i**2 + 0*i + 0*i**3 - 1/24*i**6 - 1/60*i**5. Calculate x(1).
-6
Let c(u) = -u**3 + 3*u**2 + 6*u - 4. Let s be c(4). Let r(w) = 9*w**2 - 4*w + s + 0*w**2 - 1 - 7*w**2. Give r(3).
9
Let q(f) = -2*f + 3. Let o(s) = -s**3 + 12*s**2 + 14*s - 9. Let j be o(13). Determine q(j).
-5
Let p(c) be the first derivative of -c**4/4 - 3*c**3 - 3*c + 25. What is p(-9)?
-3
Let h(d) = -d - 7. Let v = -18 - -24. Let g = v + -12. What is h(g)?
-1
Let m(g) = g**2 + 3*g - 16. Let j be m(-5). Let n(q) = -q**2 - 7*q + 2. Determine n(j).
8
Let d(v) = -9*v**3 - 7*v**2 - 2*v + 11. Let m(t) = -5*t**3 - 4*t**2 - t + 5. Let w(i) = -4*d(i) + 7*m(i). Calculate w(0).
-9
Let m be 1*(-2 - 2)*-1. Let w(d) = -1 + 0 - d + 2 + 3. Determine w(m).
0
Let m(u) = 1 - 3*u - u**2 + 2 + 1. Suppose -3*l - 5*i = 14, -3*l - i + 8 = -6*l. Determine m(l).
4
Let a be ((-2)/6)/((-1)/6). Let h(c) = -c**3 + 1 - c + 2 - a. Calculate h(2).
-9
Suppose 0 = -2*d - d + 3*b + 18, 3*d - b = 10. Let q(u) = -11*u**2 - 7 - 3*u - 2*u + 10*u**d. Suppose -3 = -2*r - 13. Give q(r)